{"id":221,"date":"2017-02-04T17:13:14","date_gmt":"2017-02-04T16:13:14","guid":{"rendered":"http:\/\/bsofficeassistant.fr\/?page_id=221"},"modified":"2020-07-20T13:51:58","modified_gmt":"2020-07-20T11:51:58","slug":"mentions-legales","status":"publish","type":"page","link":"https:\/\/www.bsofficeassistant.fr\/index.php\/mentions-legales\/","title":{"rendered":"Mentions L\u00e9gales"},"content":{"rendered":"<p>B&amp;S Office Assistant<\/p>\n<p><strong><u>Coordonn\u00e9es<\/u><\/strong><\/p>\n<p>Email : <a href=\"mailto:sbrage@sb-office.com\"><u>stephanie.baldet@bsofficeassistant.fr<\/u><\/a><\/p>\n<p>&nbsp;<\/p>\n<p>&nbsp;<\/p>\n<p><strong><u>Directrice de la publication<\/u><\/strong><\/p>\n<p>St\u00e9phanie BALDET<\/p>\n<p>&nbsp;<\/p>\n<p><strong>R\u00e9alisation et h\u00e9bergement<\/strong><\/p>\n<p><strong><u>R\u00e9alisation<\/u><\/strong><\/p>\n<p>Le site B&amp;S Office Assistant est r\u00e9alis\u00e9 par B&amp;S Office Assistant<\/p>\n<p>Propuls\u00e9 par WORDPRESS en HTML5<\/p>\n<p>&nbsp;<\/p>\n<p><strong><u>H\u00e9bergement<\/u><\/strong><\/p>\n<p>WordPress 4.7.2 avec le th\u00e8me\u00a0<a href=\"http:\/\/bsofficeassistant.fr\/wp-admin\/themes.php\">Wallstreet<\/a>.<\/p>\n<p>&nbsp;<\/p>\n<p><strong>Propri\u00e9t\u00e9 intellectuelle<\/strong><\/p>\n<p><strong><u>Reproduction interdite<\/u><\/strong><\/p>\n<p>L&#8217;ensemble de ce site rel\u00e8ve des l\u00e9gislations fran\u00e7aises et internationales sur le droit d&#8217;auteur et de la propri\u00e9t\u00e9 intellectuelle.<\/p>\n<p>La reproduction de tout ou partie de ce site B&amp;S Office Assistant est strictement interdite sans autorisation. Tous droits r\u00e9serv\u00e9s.<\/p>\n<p>&nbsp;<\/p>\n<p><strong><u>Les \u00e9l\u00e9ments composant le site<\/u><\/strong><\/p>\n<p>Ils sont prot\u00e9g\u00e9s par la l\u00e9gislation sur le droit d&#8217;auteur par Copyright : notamment les textes, les images, les photos.<\/p>\n<p>Les images qui illustrent le site B&amp;S Office Assistant\u00a0 proviennent de B&amp;S Office Assistant et de Jean-Marc Vendetti (<span style=\"text-decoration: underline;\">Projet<\/span> Delta Car E Prix Monaco).<\/p>\n<p>&nbsp;<\/p>\n<p>B&amp;S Office Assistant titulaire d&#8217;un CAPE sous :<\/p>\n<p>&nbsp;<\/p>\n<p style=\"text-align: center;\">Couveuse 06<\/p>\n<p style=\"text-align: center;\">25 RUE AMEDEE VII<\/p>\n<p style=\"text-align: center;\">06300\u00a0Nice<\/p>\n<p style=\"text-align: center;\"><span style=\"text-decoration: underline;\">T\u00e9l.<\/span> : 0033(0)4 93 54 63 28<\/p>\n<p style=\"text-align: center;\"><span style=\"text-decoration: underline;\">Fax.<\/span> : 0033(0)4 93 271392<\/p>\n<p style=\"text-align: center;\"><span style=\"text-decoration: underline;\">E-mail<\/span> : couveuse06@gmail.com<\/p>\n<p style=\"text-align: center;\">N\u00b0 SIRET : 49292487300028<\/p>\n<p style=\"text-align: center;\"><img decoding=\"async\" loading=\"lazy\" class=\"aligncenter wp-image-343 \" src=\"http:\/\/bsofficeassistant.fr\/wp-content\/uploads\/2017\/02\/couveuse_1_LOGO-150x150.jpg\" width=\"110\" height=\"110\" \/><\/p>\n","protected":false},"excerpt":{"rendered":"<p>B&amp;S Office Assistant Coordonn\u00e9es Email : stephanie.baldet@bsofficeassistant.fr &nbsp; &nbsp; Directrice de la publication St\u00e9phanie BALDET &nbsp; R\u00e9alisation et h\u00e9bergement R\u00e9alisation Le site B&amp;S Office Assistant est r\u00e9alis\u00e9 par B&amp;S Office Assistant Propuls\u00e9 par WORDPRESS en HTML5 &nbsp; H\u00e9bergement WordPress 4.7.2 avec le th\u00e8me\u00a0Wallstreet. &nbsp; Propri\u00e9t\u00e9 intellectuelle Reproduction interdite L&#8217;ensemble de ce site rel\u00e8ve des l\u00e9gislations [&hellip;]<\/p>\n","protected":false},"author":1,"featured_media":0,"parent":0,"menu_order":5,"comment_status":"closed","ping_status":"closed","template":"","meta":[],"_links":{"self":[{"href":"https:\/\/www.bsofficeassistant.fr\/index.php\/wp-json\/wp\/v2\/pages\/221"}],"collection":[{"href":"https:\/\/www.bsofficeassistant.fr\/index.php\/wp-json\/wp\/v2\/pages"}],"about":[{"href":"https:\/\/www.bsofficeassistant.fr\/index.php\/wp-json\/wp\/v2\/types\/page"}],"author":[{"embeddable":true,"href":"https:\/\/www.bsofficeassistant.fr\/index.php\/wp-json\/wp\/v2\/users\/1"}],"replies":[{"embeddable":true,"href":"https:\/\/www.bsofficeassistant.fr\/index.php\/wp-json\/wp\/v2\/comments?post=221"}],"version-history":[{"count":24,"href":"https:\/\/www.bsofficeassistant.fr\/index.php\/wp-json\/wp\/v2\/pages\/221\/revisions"}],"predecessor-version":[{"id":492,"href":"https:\/\/www.bsofficeassistant.fr\/index.php\/wp-json\/wp\/v2\/pages\/221\/revisions\/492"}],"wp:attachment":[{"href":"https:\/\/www.bsofficeassistant.fr\/index.php\/wp-json\/wp\/v2\/media?parent=221"}],"curies":[{"name":"wp","href":"https:\/\/api.w.org\/{rel}","templated":true}]}}